 -2*f + 12427. List the prime factors of f.
11, 557
Suppose -5*k - 4 = 6. Let g(p) = 117*p**2 + 5*p + 7. What are the prime factors of g(k)?
3, 5, 31
Suppose 15*t - 5220 = -5*t. Suppose j - 10 - 239 = -2*m, -t = -j - 5*m. What are the prime factors of j?
241
Let n be 0/(4 - (2/1)/(-2)). Suppose -4*i + 8 + 12 = 0. Suppose -i*p = -4*z - n*p + 351, -5*z + p = -423. What are the prime factors of z?
2, 3, 7
Let f(k) be the second derivative of k**4/2 - 5*k**3/2 + 23*k**2/2 - 4*k + 4. What are the prime factors of f(-6)?
7, 47
Suppose 3*l = 14*l - 594. What are the prime factors of l/(-45)*460/(-6)?
2, 23
Suppose -6*m = -8*m + 80. List the prime factors of (44 - m)*-2*(-122)/16.
61
Let y(c) = c**3 - 2*c**2 - 8*c + 147. List the prime factors of y(10).
3, 17
Let f = -279 - -275. What are the prime factors of (-2)/4 + 14748/8 + f?
3, 613
Let t be (-11)/(-2)*(-6 + -2). Let y be 1 + 36/t - 106/(-22). Suppose y*m + 2*f = 650, 0 = 3*m + f - 431 + 40. What are the prime factors of m?
2, 3, 11
Let b(s) = 5*s**2 + 574*s - 602. What are the prime factors of b(-160)?
2, 23, 773
Suppose 32*k = 23*k - 9. List the prime factors of 3 + 85 + (1 - k - -3).
3, 31
Suppose -2*k - 201 = -203. List the prime factors of -6 - (0 - k - 574).
569
Let y = 746 + 697. Suppose 0 = 2*t - 5*l - y, 4*t = -15*l + 16*l + 2877. What are the prime factors of t?
719
Let j(u) = 39*u**2 + 11*u + 7. Let g be j(-6). Let a = 2481 - g. What are the prime factors of a?
2, 71
Suppose 24*t = 3*t + 63. Suppose 1356 + 1929 = t*b. List the prime factors of b.
3, 5, 73
Suppose 939685 = 291*h - 8884766. List the prime factors of h.
7, 13, 53
Suppose l = 4*b - 2*l - 74, 8 = -4*l. Suppose 0 = -j + 31 + b. List the prime factors of j.
2, 3
Suppose -4*h + 53 = 37. Suppose -2*a - 178 = -u, h*u = 2*u + 8. List the prime factors of 1 - 4 - (a - -5).
79
Suppose 0 = 2*h - 5*y - 3, -y - 4*y + 17 = 3*h. Suppose 2*q = -5*z + h + 81, -3*q = -5*z - 90. Suppose 0 = s - q - 30. List the prime factors of s.
5, 13
Let j(l) be the third derivative of l**4/6 - 15*l**3/2 - 7*l**2. Let h be j(20). Let o = 113 - h. List the prime factors of o.
2, 3, 13
Let o(h) = 1715*h**2 + 177*h - 1012. List the prime factors of o(6).
2, 5, 37, 167
Suppose -4*b = -27 + 7. Suppose 4 = -r - 0*m + m, b*m + 15 = -2*r. Let j(v) = v**3 + 4*v**2 - 10*v - 13. What are the prime factors of j(r)?
2, 3
Let d(c) = -738*c + 391. What are the prime factors of d(-13)?
5, 1997
Let p = -7735 - -22907. What are the prime factors of p?
2, 3793
Let b(l) = 51*l**2 + 54*l + 245. What are the prime factors of b(-6)?
7, 251
Suppose -79*c = -26*c - 123063 - 364802. What are the prime factors of c?
5, 7, 263
Let l = -5 + 5. Suppose 20 = -5*q, l = 5*b + q + 2*q + 62. Let w(k) = -21*k - 32. List the prime factors of w(b).
2, 89
Suppose -2*m = -5*o - 97790, -230*m = -232*m + 3*o + 97794. List the prime factors of m.
2, 3, 5, 163
Let o(l) be the second derivative of 37*l**4/4 + 3*l**3/2 - 5*l**2/2 - 8*l + 1. List the prime factors of o(2).
457
Let o = -365 - -350. Let t(a) be the third derivative of -a**5/60 - 19*a**4/24 - 4*a**3/3 - a**2. What are the prime factors of t(o)?
2, 13
Let k = -21500 - -14185. What are the prime factors of 1 + 12/(-72) + k/(-6)?
2, 5, 61
Suppose -3*k = g - 69985, -2*k + 39962 + 6683 = -g. List the prime factors of k.
2, 107, 109
Let m(y) be the third derivative of -y**6/240 + y**5/20 + 7*y**4/24 + 30*y**2. Let w(t) be the second derivative of m(t). What are the prime factors of w(-16)?
2, 3
Let i(p) = -849*p**3 + 3*p**2 - 3*p + 9. List the prime factors of i(-3).
2, 3, 11, 29
Suppose -65 + 239 = -6*f. Let w(u) = -u**3 - 28*u**2 + 25*u. Let a be w(f). Suppose a*x = 113*x + 300. What are the prime factors of x?
2, 5
Suppose 38*d - 31*d + 49 = 0. List the prime factors of (2108/20)/(d/(-35)).
17, 31
Let v(u) = -u**2 + u + 6. Let n be v(4). Let r(t) = t**2 + 4*t + 6. Let z be r(n). Let s = z + 7. List the prime factors of s.
5
Let o(w) = -37*w - 75. Let g be o(-4). Suppose -1384 = -x - g. List the prime factors of x.
3, 19, 23
Let t = 16684 + 20256. What are the prime factors of t?
2, 5, 1847
Suppose -405*f = -48*f - 2182120 - 2801243. What are the prime factors of f?
3, 11, 47
Suppose -617 = -2*r + k, r - 313 = -994*k + 990*k. List the prime factors of r.
3, 103
Suppose -q + 2232 = 519. Suppose 0 = -19*u + q + 1802. List the prime factors of u.
5, 37
Suppose -67028 = -268*c + 264*c. List the prime factors of c.
13, 1289
Let j be (5/25 - (-18)/10) + 0. Let f be 1/(j - (-1)/(-2))*3. Suppose 5*x + f*c - 510 = 0, -4*x + 280 + 128 = 4*c. What are the prime factors of x?
2, 3, 17
Let m(q) = 45*q**2 - 3*q + 1. Suppose 0 = 11*t + 8 - 19. List the prime factors of m(t).
43
Let r(b) = b**3 - 120*b**2 + 685*b + 527. List the prime factors of r(119).
3, 11, 17
Let s be (-9 - 1)*-4*1/(-4). Let g(q) = q**3 + 11*q**2 + 5*q + 22. What are the prime factors of g(s)?
2, 3
Let u(n) = 6*n + 26. Let b be u(-9). Let j = b + 10. What are the prime factors of ((-6)/(-5))/(j/(-300))?
2, 5
List the prime factors of (-4 + 8950)/(87/290).
2, 3, 5, 7, 71
Suppose -4*f + s - 85 + 12 = 0, 0 = -2*s + 2. Let k be (-6)/(-10) + f/30. Suppose p - 83 + 17 = k. What are the prime factors of p?
2, 3, 11
Let m(t) = -6*t**2 + 10*t + 5. Let w be m(-7). Let j = 41 - w. What are the prime factors of j?
2, 5
Let f = -102123 - -186077. What are the prime factors of f?
2, 13, 3229
Let j = 9877 - 2912. What are the prime factors of j?
5, 7, 199
Suppose -2*l + 17 = 379. Let u = -48 - l. Let q = -74 + u. List the prime factors of q.
59
Let i = 249 - -2339. What are the prime factors of i?
2, 647
Let p be 4/(-3)*12/8. Let r be p/(-10) - (-10)/25*47. Suppose -23*d + r*d = -816. List the prime factors of d.
2, 3, 17
Suppose r - 12 = -m, -11*m + 9*m + 4*r + 6 = 0. Let c(z) = 62*z + 245. List the prime factors of c(m).
11, 73
Suppose -3*u - 21782 + 4607 = -y, -3*y = 4*u - 51434. List the prime factors of y.
2, 3, 953
Suppose -5*d + 2*g = -82643, 5*d + 11351 - 93970 = -4*g. What are the prime factors of d?
3, 7, 787
Let i = 19 + -55. Let z = -36 - i. Suppose z = -5*c + 491 + 139. What are the prime factors of c?
2, 3, 7
Let g be (-2)/(8/150*36/(-24)). Suppose 106 = 2*u - 2*v, 2*u - 96 + g = -5*v. What are the prime factors of u?
2, 3
Let m = -7080 + 10162. What are the prime factors of 18/108 - m/(-12)?
257
Let v be 3349/7 + 39/(-91). What are the prime factors of (4*v/8)/1?
239
Suppose -116*v = -121*v + 2735. Let q = v - -63. What are the prime factors of q?
2, 5, 61
Let s(p) = 9*p - 8. Let r(y) = -y. Let z(o) = 6*r(o) - s(o). Suppose 0 = -3*w + 3 - 12. What are the prime factors of z(w)?
53
Suppose -29 = -3*k - 23. Let r = 10 + k. List the prime factors of (((-102)/r)/((-1)/6))/1.
3, 17
Let y be ((-6)/(-8))/(4/16). Suppose -2*z + 93 = 87. Suppose z*i = y*a + 765 - 249, 4*i - 661 = -5*a. What are the prime factors of i?
13
Let g(k) = 18 + 4*k**2 + 14*k + 8*k**2 - k**2 - k**3. Let j be g(11). Suppose -4*p = -8*p + j. What are the prime factors of p?
43
Suppose 0 = -138*y - 95*y + 6350415. What are the prime factors of y?
3, 5, 23, 79
Let n(a) = 2*a**3 - 10*a**2 - a + 9. Let x be n(5). Suppose 0 = d + x*d - 5*u - 160, -d = -2*u - 28. List the prime factors of d.
2, 3
Suppose -91 = 10*m - 341. Suppose 0 = -16*r + m*r - 1737. What are the prime factors of r?
193
Let j(k) = 7*k - 5. Let m be j(2). Suppose 4*d - m*d + 10 = 0, -4*d = 2*s - 340. Let r = 358 - s. What are the prime factors of r?
2, 3
Let x(k) = 705*k - 5. Let o be x(1). Let j = o - 342. List the prime factors of j.
2, 179
Let d = 1845 + -3846. Let x = d + 3460. List the prime factors of x.
1459
Suppose 28*x + 16*x - 162707 = 27*x. List the prime factors of x.
17, 563
Let a = -80 - -75. Let r = a - -24. Suppose 20*n = r*n + 74. List the prime factors of n.
2, 37
What are the prime factors of (-2)/(-4)*(3708 + (-30)/5)?
3, 617
Let k = 1198 - 332. Suppose -10*r + k + 684 = 0. Suppose -494 - r = -11*b. What are the prime factors of b?
59
Let s = -11 - -431. Let j = s - 244. List the prime factors of j.
2, 11
Let y = 840 - -2193. What are the prime factors of y?
3, 337
Let q(d) = -318*d + 1312. Let r be q(4). Let j be (1 + 47)*4/(-6). List the prime factors of (j/r)/(-2 + 28/15).
2, 3
Let u = 547 + 553. Suppose -a - q = -688, -4*a = q - 1